(d).
-1
Let o(k) = -7*k - 12. Let j(f) = -2*f - 3. Let r(w) = -9*j(w) + 2*o(w). Let q = -171653 - -171655. Calculate r(q).
11
Let z(n) = -4*n**3 + 3*n**2. Let i = 4 + -5. Let o(k) be the third derivative of -k**4/24 + k**3/6 + 196*k**2. Let r be o(i). Determine z(r).
-20
Let o(i) = -i**3 - 7*i**2 - 3*i - 2. Suppose -21*v - 2*v = -69. Suppose 0 = -4*k - 4*z + v - 15, 5*k + 4*z + 18 = 0. Determine o(k).
-20
Let x(z) be the third derivative of 0 - 4/3*z**3 + 8*z**2 + 1/24*z**4 + 0*z. Give x(-10).
-18
Let f(c) = -7*c**2 - 2*c - 19. Let g(x) = 6*x + 140. Let b be g(-24). Let t(k) = 3*k**2 + 2*k + 9. Let q(z) = b*f(z) - 9*t(z). What is q(11)?
6
Let k(l) = l**2 - 41*l + 175. Suppose 36*u - 821 - 343 = 132. Give k(u).
-5
Let w = -25 - -21. Let k(o) be the third derivative of -o**6/360 - o**5/24 - 11*o**3/6 + 11*o**2. Let d(v) be the first derivative of k(v). Determine d(w).
4
Let l(s) = -s - 4. Suppose -3*u - 11 + 2 = 0. Let h = -75 - -72. Let c be 9 + (-2)/h*u. Give l(c).
-11
Let w(c) = 2*c - 34 - 74 + 93. Determine w(-5).
-25
Let y(q) = -7*q**2 - 30*q + 71. Let r(b) = -38*b**2 - 148*b + 351. Let v(g) = 2*r(g) - 11*y(g). Determine v(-36).
-7
Let w(u) = 12*u**2 + 10*u + 11. Let y(b) = -14*b**2 - 13*b - 10. Let l(h) = 4*w(h) + 3*y(h). Calculate l(5).
169
Let y(c) = -c - 9. Let k be -1*(34395/(-65) - (-4)/26). Let t = -533 + k. Determine y(t).
-5
Let w(s) = -79*s + 44*s**2 - 48*s**2 + 3 + 81*s. Calculate w(3).
-27
Let g(u) = -u**3 - 9*u**2 - 18*u - 26. Let i = 308 + -315. Determine g(i).
2
Let s(z) be the second derivative of 0*z**3 - 1 - 3/2*z**2 - 1/20*z**5 + 47*z + 2/3*z**4. Let c(y) = 2*y**3 - 2*y**2. Let r be c(2). What is s(r)?
-3
Let i(q) = -1114*q**2 - 14 + 14*q + 108*q**3 + 1105*q**2 - 107*q**3. Give i(6).
-38
Let z(n) = 2*n**3 + 68*n**2 - n - 47. Let d be z(-34). Let u(l) = -l**2 - 16*l - 43. Give u(d).
-4
Let i = 201 - 200. Suppose -41*w + 644 = -39*w. Let a(r) = -2*r + 1 + w*r**2 + 0 - 313*r**2. Give a(i).
8
Let u(o) = 2*o**2 + 4*o - 1. Let z(i) = -6*i**2 - 12*i + 3. Let n be (-1)/(-1)*(-12 + 1). Let a(x) = n*u(x) - 4*z(x). Let v = 189 + -192. Give a(v).
5
Let n(b) be the second derivative of -b**8/6720 - b**7/504 + 49*b**4/6 - 56*b. Let q(i) be the third derivative of n(i). Determine q(-6).
36
Let k(l) = -3*l - 10. Suppose 9*y = 3 + 15. Suppose -3*v = 2*r - 16, v + 0*v = y*r - 8. Suppose -7*b - s = -v*b + 30, b + s = -2. Give k(b).
11
Let n = -27 - -30. Let c(b) = 0*b**3 + 2*b**3 - 2 - b**n + b**2. Suppose 4*w - 35 = -27. What is c(w)?
10
Let k(v) = -5*v**3 + v**2. Let i(b) = -4*b**2 - b + 4. Let c(p) = p**3 + 15*p**2 - 4*p - 59. Let h be c(-15). Let q be i(h). Determine k(q).
6
Let u(s) = -s**3 - 7*s**2 - 2*s - 2. Suppose -2*m = 2*a - 5*m - 84, -3*a = 2*m - 100. Suppose 35*g - a*g - 7 = 0. What is u(g)?
12
Let n(u) = -6*u**2 - 9*u + 3. Let g(f) = -5*f**2 - 8*f + 3. Let y be (-15)/(-3) - 6/6. Let o(p) = y*n(p) - 5*g(p). Give o(-4).
-3
Let x(c) be the third derivative of -c**5/120 + 5*c**4/8 - 23*c**3/6 - c**2 - 9*c. Let d(o) be the first derivative of x(o). Determine d(0).
15
Let w(m) = -m**3 + 6*m**2 + 2*m - 7. Let n be w(6). Let z(x) be the second derivative of -x**4/12 + x**3 - 3*x**2 + 6636*x. Determine z(n).
-1
Let x be (-4)/16 - 18/(-8). Suppose 3*l - x*j = j + 24, 0 = -4*j. Let t(i) = 374*i**2 - i - 1 + 376*i**2 - 742*i**2 - i**3. Calculate t(l).
-9
Let f(g) = g**3 - 21*g**2 - 20*g - 41. Let d be f(22). Suppose -3*o = 4*h - 0 + 4, d*h = -3*o. Let l(u) = -1 + 2*u - 3*u + u**2 + 2*u. Give l(o).
19
Let l(u) = 37*u - 120. Let y(g) = -56*g + 194. Let x(v) = -8*l(v) - 5*y(v). Calculate x(0).
-10
Suppose -12 + 202 = 10*l. Let p = l - 21. Let r(s) = 2*s**2 - s - 3. Determine r(p).
7
Let f = 404 + -410. Let p(q) = -q - 6. Let t be p(-10). Let r(j) = -t*j + 5*j - 2*j - 8. Give r(f).
-2
Let d(u) = 2*u**3 + 62 + 96*u - 71 - 13*u**2 - u**3 - 83*u. Let k be -2 - -14 - (-1 + 1). Let p be d(k). Let w(j) = -3*j. Calculate w(p).
-9
Let c = 702 + -705. Let z(a) = 4*a**2 - 5. Let p(b) = 3*b**2 - b - 4. Let x(j) = -5*p(j) + 4*z(j). Calculate x(c).
-6
Let o(u) = 49*u - 348. Let v(m) = -97*m + 763. Let h(n) = 11*o(n) + 5*v(n). Determine h(1).
41
Suppose 2*i + 2*x = x + 62, -x + 2 = 0. Let m(p) = -i*p + 2 + 6 + 29*p. Determine m(9).
-1
Let x be ((-6)/((-18)/33))/(-1). Let m(i) = i**3 - 7*i**2 + 10*i + 6. Let c(t) = -6*t**3 + 35*t**2 - 51*t - 32. Let v(a) = x*m(a) - 2*c(a). Calculate v(-8).
-2
Let g(r) be the third derivative of -1/15*r**5 + 1/6*r**4 - 1/120*r**6 + 0*r + 1/2*r**3 + 0 - 18*r**2. Give g(-5).
8
Let s(r) = -5*r**3 - 2*r**2 - 10*r - 6. Let j(h) = 12 + 19*h**2 + 20*h - 6*h**3 - 16*h**2 + 15*h**3 + 2*h**3. Let f(d) = 6*j(d) + 13*s(d). What is f(9)?
-15
Let k = -37 - -40. Suppose 0 = -2*l, -k*i = 2*l - 10 - 2. Let j(g) = 5*g - 3. What is j(i)?
17
Let u(o) be the third derivative of o**6/120 + o**5/12 + 2*o**3/3 + 1659*o**2. What is u(-2)?
16
Let u be (-16)/24*15*(-3)/3. Suppose 10*q - u = 5*q. Let s(a) = -79*a - 79*a + 11 - q + 155*a. Calculate s(6).
-9
Suppose -4*s + 2*h + 12 = 0, 4*s + h = -h + 12. Let a(t) = t**s + 0*t**2 - 10*t**2 - 23*t - 6*t + 28*t. Calculate a(10).
-10
Let k(x) = 3*x - 5. Let m be 8 + -11 - (2 + (-7 - 2)). Suppose m*f + 4 = 0, -7 = -3*n - f - 20. Determine k(n).
-17
Let a(i) = -3*i**2 - 16*i - 1. Let n be a(-5). Suppose 3 = 2*k + 5*x, -k - 3*x + 5 = -n*x. Let b(p) = 13 - 4*p + k*p - 3*p - 14. What is b(-1)?
2
Suppose 5*m = -4*f - 13, 0 = 14*m - 12*m + 10. Let t(g) = 2*g**3 + 9 - 6*g**f + 5 - 15. What is t(-1)?
3
Let m(u) = -u + 2. Let f be m(-3). Let d = 43 + -40. Let g(p) = 18*p**3 - 8*p**3 - d - 11*p**3 + 6*p**2 - 3*p + 2. Give g(f).
9
Let p be -3*(-51)/45*(12 - 7). Let w(c) = 8*c**3 + c**2 - 5 + 15*c - p*c + 4*c**3 + 6. Calculate w(1).
12
Let q(r) be the third derivative of r**4/4 + 17*r**3/6 - 6*r**2 + 54. Give q(5).
47
Let x(c) = -4*c**2 - 11158 - 8*c + 21*c + 6*c**2 + 11146. Determine x(-8).
12
Let t(o) = -8*o + o + 0*o. Let a be (-1*(6 + -4))/((-2)/5). Suppose 0*r + a*x + 31 = -2*r, 5*r = 3*x. What is t(r)?
21
Let v(n) = -2*n**2 + 5*n - 12. Suppose 2*d - 6*d = 5*t - 10, -5*d = 2*t - 4. Let b(o) = -o**2 + o - 6. Let s(z) = t*v(z) - 5*b(z). Calculate s(-2).
0
Let a be 7/(-21) - 1*(-112)/12. Let n(p) = -5*p**2 - 35*p + 35. Let i(q) = q**2 + 9*q - 9. Let f(b) = 9*i(b) + 2*n(b). Calculate f(a).
7
Let b(h) = -h**3 - 8*h**2 + 8. Let u(m) be the second derivative of m**5/20 - 19*m**4/12 - 43*m**3/6 + 13*m**2/2 - 200*m. Let l be u(21). Determine b(l).
8
Let f be (-2 - (0 + -3))*1*6. Let d = 41 + -41. Let c(a) = d*a**2 - 1 + 0 - 1 - 7*a + 7*a**2 - a**3. What is c(f)?
-8
Let m(q) = -15*q - 23. Let x(c) = -7*c - 11. Let a(t) = 6*m(t) - 13*x(t). Suppose 803*v - 336 = 1563*v - 802*v. Calculate a(v).
13
Suppose 4*x - k = 0, -k = 2*x + 2*k. Let l be (-5)/20*-4*x. Let v = l - 2. Let o(u) = u - 2. Determine o(v).
-4
Let g(c) = c**2 + 5*c + 6. Let a be -2 - (0 + -2)*-4*59. Let s = a + 469. What is g(s)?
6
Let z(u) = -11*u**2 + 2*u + 1. Suppose r - 55*r - 48 = -6*r. Calculate z(r).
-12
Suppose -169*m - 6 = -172*m. Suppose 5*n + 15 = -5*p, -14 = 3*p - 5*p + m*n. Let i(v) = 7*v - 5. Calculate i(p).
9
Let x(z) = -z**3 + 24*z**2 - 45*z + 27. Let q be x(22). Let u(i) = 3*i**2 + 14*i + 9. Let m(t) = 2*t**2 + 7*t + 5. Let g(o) = q*m(o) - 3*u(o). What is g(7)?
-2
Suppose -2 = 2*h - 18. Let b be 1*(-36)/h*(-8)/(-6). Let w(k) be the second derivative of k**5/20 + 7*k**4/12 + 2*k**3/3 - k**2 - 2*k. Calculate w(b).
10
Let y(g) be the third derivative of g**5/120 + g**4/6 - 26*g**3/3 - 60*g**2. Let u(o) be the first derivative of y(o). What is u(5)?
9
Let m(h) = 7*h**2 - h - 1. Let r(g) = 1 + 26*g + 0 - 9 - 25*g. Let p be r(6). Give m(p).
29
Let a(s) = 6268 - 3129 - 3110 + 11*s + s**2. What is a(-12)?
41
Let h(r) be the third derivative of r**6/120 - r**5/5 - 13*r**4/12 - 8*r**3/3 + 47*r**2 + 3*r - 2. Calculate h(14).
12
Suppose 9*t - 24 = 6*t - 3*q, -5*t - 7*q = -54. Let b(x) = -x - 9. What is b(t)?
-10
Suppose -122 = -25*t + 53. Suppose c + 13 = 4*q, 0 = -4*c - 8*q + t*q - 35. Let r(x) = x**3 + 10*x**2 + 8*x - 6. What is r(c)?
3
Let o(a) be the first derivative of -21*a**2/2 - 9*a - 4361. What is o(0)?
-9
Let t(v) = -7*v - 24. Let r be t(7). Let s = 69 + r. Let u be -1*(-2)/(-3)*(s - -1). Let f(q) = 3*q - 1. Give f(u).
5
Let y = 1 + 4. Let r(n)